e the highest common divisor of 1 and a.
1
Let g be (324/1)/(62/8 - 875/125). Calculate the greatest common factor of 540 and g.
108
Let g = 78 + -75. Let a be (g*7)/(((-66)/16)/(-11)). What is the greatest common divisor of a and 84?
28
Suppose -846 = -215*m - 631. Calculate the greatest common divisor of 1421 and m.
1
Suppose 2*f + 2*l = 206, -5*f + 3*f - 5*l = -191. Suppose 5*x - 2*v = 1974, -5*x + 3*v = -2422 + 451. What is the highest common divisor of x and f?
36
Let m = 34437 + -23624. What is the greatest common factor of 11 and m?
11
Let b(l) = -2338*l + 18713. Let x be b(8). What is the highest common factor of 6597 and x?
9
Suppose 16*n = -37*n + 17*n + 312048. Calculate the highest common factor of 44 and n.
44
Suppose -108634 = 7*k - 111574. Calculate the highest common divisor of 1410 and k.
30
Let j(u) = 111*u**2 + 56*u - 250. Let z be j(6). Calculate the greatest common divisor of 208 and z.
26
Let c = 2 - -13. Suppose 2*g - 63 + c = 0. Let h be 8/(20/(-30)*(-6)/8). What is the greatest common divisor of h and g?
8
Suppose 48 = 2*r + 5*s, -4*r - s - 3*s = -72. Suppose 0 = 3*h + 14*a - 126, -769*a + 766*a + 450 = 4*h. What is the greatest common factor of r and h?
14
Let m = 118 + -112. Let i be -1 + 0 + m/((-30)/(-415)). What is the highest common factor of i and 2?
2
Let x be ((-44)/(-36) + 4/(-18))*0. Suppose x = -19*j + 4*j + 720. Let u = -16 + j. What is the highest common factor of 4 and u?
4
Let k be 2380/(-175)*(-10)/4. What is the greatest common divisor of k and 459?
17
Suppose 0 = -39*l + 14*l. Suppose l = -31*s + 36*s - 205. What is the greatest common divisor of s and 492?
41
Let i(l) = l**3 - 30*l**2 + 29*l + 23. Let f(x) = -x**2 - 37*x - 7. Let d be f(-36). Let g be i(d). What is the greatest common factor of 437 and g?
23
Let o(i) = 142*i**2 - 9*i + 10. Let t be o(2). Suppose -t = -69*u + 55*u. Calculate the highest common divisor of u and 60.
20
Suppose 0 = -42*a - 167*a + 80465. Calculate the highest common divisor of a and 495.
55
Let u = 6843 - 3378. Calculate the highest common divisor of 30 and u.
15
Let u(d) = -d**2 - 35*d + 825. Let c be u(15). What is the highest common divisor of 2400 and c?
75
Let d(i) = -i**2 - 29*i + 62. Let l be d(-30). Let r = -344 - -520. What is the highest common factor of r and l?
16
Suppose -36 = z - 39. Suppose -67 = -z*x + 50. Suppose p = x - 9. What is the greatest common divisor of 120 and p?
30
Suppose -102*n = -106*n + 44. Let b be 2*59 - (2 - 4). Suppose n*k = -k + b. What is the greatest common factor of 4 and k?
2
Let l = -18539 + 18629. Calculate the highest common factor of 234 and l.
18
Let b be 27 + -1*(1 + 0). Let o(v) = v**2 + 2*v + 78. Suppose 0 = -32*m + 30*m. Let i be o(m). Calculate the greatest common divisor of i and b.
26
Suppose 0 = -3*d - r + 629, 3*d - 27 = 3*r + 582. Suppose -300*b + 86 + 11146 = 564*b. Calculate the highest common factor of d and b.
13
Let f be 3/(-8)*54*2460/(-369). Suppose k - 6*k + 2*y = -215, 50 = k + y. Calculate the greatest common divisor of f and k.
45
Let s = -17818 - -19267. What is the greatest common divisor of 14 and s?
7
Suppose -4*d + 294 = 2*p, 0 = d + 176*p - 174*p - 63. What is the greatest common factor of 209 and d?
11
Let f be 4 + 7 + -16 - -464. What is the highest common divisor of f and 351?
27
Let r(p) = 49*p + 29. Let l be r(3). Suppose -8 = -4*q + l. Let m = 818 - 312. What is the greatest common divisor of q and m?
46
Let r(b) = 262*b - 13045. Let q be r(50). Calculate the highest common factor of 1535 and q.
5
Suppose -w - 6 + 2 = 2*z, -28 = 5*z - 2*w. Let c = 74 + z. What is the greatest common factor of c and 40?
10
Let v = -24224 - -24572. Let s(c) = 6*c. Let x be s(2). Calculate the greatest common factor of v and x.
12
Let b be 109/((-28)/154*1/(-2)). Calculate the highest common factor of 545 and b.
109
Suppose 0 = -143*s + 9580 + 19592. Calculate the greatest common divisor of s and 84.
12
Let p(q) = -q + 14. Let o be p(-16). Suppose -2*x = -7*x + 2*s + 64, -49 = 7*s. What is the highest common divisor of x and o?
10
Let j be ((-13)/(-21) + 6/(-21))*0. Let q = j + 6. Suppose -4*f = -q*f + 390. What is the highest common divisor of 78 and f?
39
Let i(b) = 23*b + 142. Let a be i(-6). Let y be a/2 + -4 + 145. Calculate the highest common factor of y and 39.
13
Suppose -2*m = 5*d + 258, 2*m + 3*d + 378 = -m. Let b = m + 214. Suppose -5*w + 11*w - b = 0. Calculate the greatest common divisor of 105 and w.
15
Let u = -644 - -953. Let j = 319 - u. Suppose 5*a - 22 = 28. What is the highest common divisor of j and a?
10
Let y(a) = a**3 - 6*a**2 + 9*a. Let o(h) = h + 8. Let w be o(-4). Let z be y(w). What is the highest common factor of z and 5?
1
Let x be (9 - (-168)/(-20)) + -1 - 5766/(-15). Calculate the highest common factor of 1416 and x.
24
Suppose -2*y + 8 + 80 = -l, -6 = -3*l. What is the greatest common divisor of 18 and y?
9
Let x be 4/4*(0 - 0). Suppose x = -2*t + 4*t - 10. Let o = 156729 - 156689. What is the greatest common divisor of t and o?
5
Suppose -9288 = -25*m - 233*m. What is the highest common divisor of m and 348?
12
Let y(k) = 135*k - 5640. Let v be y(64). What is the greatest common divisor of 80 and v?
40
Let g = -3280 + 3283. Calculate the greatest common divisor of g and 456.
3
Suppose 33*k = 31*k + 1596. What is the greatest common factor of k and 56?
14
Let s be 2/7 - 748/(-28). Let g be 109/4 + 8/(-128)*4. Calculate the highest common divisor of g and s.
27
Let l = -42 - -42. Suppose h = -4*p + 10 + 2, l = -3*h + p + 10. Suppose 2*m - 2*u = -0*m + 14, h*u = 2*m - 20. Calculate the greatest common factor of 1 and m.
1
Suppose -383 = -124*y + 119*y - m, 3*y = -2*m + 227. What is the greatest common factor of y and 105?
7
Let q(z) = z**2 - 8*z - 15. Let s be q(8). Let m = 3 - s. What is the highest common factor of m and 72?
18
Let p = -6913 + 21655. What is the highest common divisor of 28 and p?
14
Let r = 3637 + -3614. Calculate the highest common divisor of 621 and r.
23
Let y(x) = 20*x**3 - 9*x**2 + 2*x + 3. Let h be y(1). Calculate the greatest common divisor of 1912 and h.
8
Let j(y) = 4*y**2 - 25*y - 165. Let u be j(-9). Let z = -373 + u. Suppose h = -3*g - 2, -2*h = -h - 3*g - 4. What is the highest common divisor of z and h?
1
Let n = 50 - 48. Suppose -2*p = -2*o + n, -5*p + 1 = -0*o - 3*o. Suppose 0 = p*l - 15 + 7. Calculate the greatest common divisor of l and 10.
2
Let t = 137 + -74. Suppose 4*p + r - 13 = 0, -7 = -5*r + 18. Let l be -3 + 4 + p + 15. Calculate the highest common factor of l and t.
9
Let l(i) = -43*i + 2 + 44*i - 4. Let j be l(8). Suppose -5*t + j*t - 11 = 0. What is the highest common divisor of t and 121?
11
Suppose -5*p + 44 = 3*w - 2*w, 36 = 2*w - 3*p. Suppose 2*j = -a + 30, -3*j = 4*a - 0*a - 45. Let b = j + w. Calculate the greatest common divisor of b and 26.
13
Let y be (-3 - 25/20)*-8. Let p(s) be the first derivative of s**3/3 + 4*s + 12. Let k be p(9). Calculate the highest common factor of k and y.
17
Suppose -1332*h = -1454*h + 76494. Calculate the highest common factor of h and 2409.
33
Let i = 117 + -119. Let v be (161/322)/(i/(-512) + 0). Calculate the highest common factor of 192 and v.
64
Suppose 4*l + 4*o + 476 = 5692, l - 1307 = 2*o. Calculate the highest common factor of l and 609.
87
Suppose -185 + 817 = -8*d. Let y = 1274 - d. What is the greatest common factor of y and 41?
41
Let b(v) = 2*v**3 - 2*v**2 - 8*v + 6. Let g be ((-82)/(-451) + (-26)/22)*-3. Let w be b(g). Suppose 4*f - 5 = 3. What is the highest common factor of f and w?
2
Let q be ((-1)/(-6) + (-185)/(-222))/1. Suppose 3*r - 138 + 21 = 0. Let o be q + r - (0 + (-2)/(-2)). What is the greatest common factor of 13 and o?
13
Let c(k) = -3*k**3 - 89*k**2 + 31*k + 188. Let w be c(-30). Calculate the highest common divisor of w and 14378.
158
Let c = -800 - -837. Suppose -c*m - 333 = -4329. Calculate the highest common factor of m and 48.
12
Let p be ((-26)/4)/(12830/4280 + -3). Calculate the greatest common factor of p and 78.
26
Let x be 110/6 - 5/15. Let q be ((-32)/(-10))/((-196)/(-490)). Let b(z) = -5*z + 76. Let s be b(q). What is the greatest common divisor of s and x?
18
Let z be 6/(0 + 2)*1274/42. Let r(q) = q**3 + 12*q**2 - 13*q + 13. Let n be r(-13). Calcu